3
What is the greatest common factor of 65 and 6886610?
5
Calculate the highest common factor of 178661 and 3276.
7
What is the highest common divisor of 285070 and 2636406?
1966
What is the greatest common factor of 14193 and 18943?
19
What is the highest common divisor of 33843 and 4734519?
1167
What is the greatest common factor of 1009543186 and 1762?
1762
Calculate the highest common divisor of 7070164 and 580588.
692
What is the greatest common factor of 2026349 and 915343?
2249
What is the greatest common divisor of 1001648 and 1104?
16
What is the greatest common divisor of 15512640 and 45539?
1469
What is the highest common divisor of 6887836 and 820?
164
What is the highest common divisor of 12838 and 955514?
1834
What is the highest common factor of 246780 and 606960?
540
Calculate the highest common factor of 48597 and 218541.
291
Calculate the highest common factor of 11230107 and 7929.
2643
Calculate the greatest common factor of 138 and 10471187.
23
Calculate the greatest common factor of 6901628 and 973.
139
Calculate the greatest common divisor of 15478142 and 142.
142
What is the highest common divisor of 392812 and 518?
14
Calculate the highest common divisor of 80886 and 16151031.
2379
Calculate the highest common divisor of 129 and 131369.
1
Calculate the greatest common divisor of 90036 and 2364.
12
What is the greatest common factor of 1148 and 12000126?
82
Calculate the highest common divisor of 669088 and 1302.
14
Calculate the greatest common factor of 167161941 and 129.
129
What is the greatest common factor of 72488874 and 6?
6
Calculate the greatest common factor of 612 and 679456.
68
Calculate the highest common factor of 1292 and 100827.
17
Calculate the greatest common divisor of 1740 and 649252290.
870
What is the highest common divisor of 189137 and 793?
13
Calculate the highest common divisor of 6093 and 121059.
9
What is the greatest common factor of 14 and 3089751224?
14
What is the highest common factor of 31311 and 2825942?
497
Calculate the highest common divisor of 4945 and 7993075.
115
What is the greatest common divisor of 39568 and 327616?
16
Calculate the greatest common factor of 63705 and 12247635.
465
What is the greatest common factor of 35 and 38103023?
7
What is the highest common divisor of 4956516 and 2096?
524
What is the greatest common divisor of 4221 and 151144?
7
Calculate the highest common factor of 65258 and 277103.
487
What is the greatest common divisor of 940 and 458952180?
940
What is the greatest common divisor of 1281 and 221773979?
427
What is the highest common factor of 25 and 34139185?
5
What is the greatest common divisor of 13909114 and 24193?
1861
What is the greatest common factor of 11200 and 5210912?
224
Calculate the greatest common factor of 272 and 2203372.
4
Calculate the highest common factor of 491991840 and 675.
135
What is the greatest common divisor of 1971 and 1901358?
657
What is the highest common factor of 503434 and 9362?
302
Calculate the highest common factor of 23165000 and 7000.
1000
Calculate the greatest common factor of 149864704 and 330518.
5602
What is the greatest common divisor of 8047 and 396779?
619
What is the greatest common factor of 24668336 and 1232?
1232
What is the greatest common divisor of 2248 and 1618312?
8
What is the highest common divisor of 4005659 and 2551717?
4879
Calculate the highest common divisor of 4580 and 35766365.
1145
What is the highest common factor of 480536 and 60648?
56
What is the greatest common factor of 103286166 and 126540?
4218
What is the greatest common factor of 37305 and 167145?
15
What is the highest common divisor of 81 and 151464933?
9
Calculate the highest common factor of 176 and 14898.
2
What is the highest common divisor of 133128 and 81?
9
Calculate the greatest common divisor of 71076297 and 4366.
2183
What is the greatest common divisor of 690078960 and 216?
216
Calculate the highest common factor of 18396 and 72368331.
1533
What is the greatest common factor of 290423 and 9180923?
5927
Calculate the highest common factor of 72 and 20630952.
72
Calculate the highest common factor of 121736236 and 96746.
7442
What is the highest common factor of 13020 and 172960470?
930
What is the highest common factor of 973218 and 59907?
57
What is the greatest common divisor of 9314 and 388?
2
What is the highest common divisor of 252 and 4508469?
63
Calculate the highest common divisor of 89 and 2042016.
89
Calculate the highest common divisor of 299080 and 2840.
40
What is the highest common divisor of 187385328 and 91?
13
What is the greatest common divisor of 30266610 and 17896?
4474
What is the greatest common divisor of 84699286 and 224?
14
Calculate the highest common factor of 2944755 and 3025.
55
What is the highest common factor of 537660 and 8124?
12
Calculate the greatest common factor of 58715032 and 376.
376
Calculate the greatest common factor of 30835798 and 1372.
98
What is the highest common factor of 338690 and 80?
10
What is the greatest common factor of 49 and 47618543?
49
Calculate the highest common divisor of 1652 and 457492.
28
Calculate the highest common divisor of 1374 and 46654857.
687
Calculate the greatest common factor of 85449 and 5460.
273
Calculate the highest common divisor of 3511680 and 145824.
2976
Calculate the highest common factor of 103463 and 115866.
157
Calculate the greatest common factor of 874383 and 141828.
669
What is the greatest common divisor of 1525 and 14213?
61
What is the greatest common divisor of 296087088 and 96?
48
What is the highest common factor of 494136 and 214200?
72
What is the greatest common factor of 424109 and 180352?
1409
Calculate the highest common divisor of 3272 and 48624.
8
What is the greatest common factor of 50 and 4122995?
5
Calculate the highest common divisor of 5925846 and 222.
222
Calculate the highest common factor of 48 and 3650466.
6
What is the greatest common divisor of 518829 and 244011?
489
What is the highest common divisor of 231201 and 150201?
27
Calculate the highest common divisor of 4201061 and 1545.
103
Calculate the highest common factor of 250527 and 6886107.
6771
What is the highest common divisor of 9 and 1369839?
3
What is the greatest common divisor of 7568843 and 892?
223
What is the greatest common factor of 881993 and 173432?
1141
What is the highest common divisor of 9474813 and 1599?
123
Calculate the greatest common factor of 89812450 and 36400.
4550
Calculate the greatest common divisor of 8203910 and 1001.
143
Calculate the greatest common divisor of 3136 and 402061856.
1568
Calculate the highest common divisor of 46033 and 957034.
13
What is the highest common factor of 70 and 34407230?
10
Calculate the greatest common factor of 12036 and 27659.
17
What is the greatest common factor of 4227 and 533619298?
1409
What is the highest common factor of 1528506 and 6762?
294
Calculate the highest common factor of 97188 and 2903628.
1092
Calculate the highest common factor of 1204 and 147653056.
172
Calculate the greatest common factor of 271 and 7510765.
271
Calculate the highest common divisor of 27 and 568720827.
9
What is the greatest common divisor of 395 and 51498?
1
What is the greatest common divisor of 131267070 and 7916?
3958
What is the greatest common factor of 308 and 165788304?
44
Calculate the greatest common factor of 16020 and 55710.
90
What is the highest common factor of 1813 and 507492?
37
Calculate the greatest common factor of 543491 and 408564.
1261
Calculate the greatest common factor of 41912 and 13205504.
3224
What is the greatest common factor of 14312499 and 4778?
2389
Calculate the highest common factor of 650297 and 5122.
197
Calculate the greatest common factor of 8294 and 1195451543.
4147
Calculate the highest common factor of 9892610 and 406.
14
What is the greatest common divisor of 221824 and 9832?
8
Calculate the greatest common divisor of 618911 and 10269.
163
What is the greatest common factor of 250 and 260408000?
250
Calculate the greatest common factor of 935765 and 425.
85
What is the greatest common factor of 16749120 and 164980?
1460
What is the highest common divisor of 4646368 and 214?
214
What is the greatest common factor of 238577 and 55703?
1051
